d 184446806?
202
What is the greatest common divisor of 30657591 and 61758?
657
What is the greatest common divisor of 694595 and 8395?
365
Calculate the highest common divisor of 272 and 19542911.
17
Calculate the greatest common factor of 58317 and 5446.
7
What is the greatest common factor of 1842 and 36114?
6
What is the highest common factor of 332376 and 17028?
132
Calculate the greatest common divisor of 21779 and 24679.
29
What is the greatest common factor of 5 and 10320170?
5
Calculate the greatest common divisor of 9825196 and 12.
4
What is the highest common factor of 477 and 901716984?
477
What is the highest common factor of 3253280 and 225?
5
Calculate the highest common divisor of 35507436 and 12.
12
What is the greatest common factor of 462708283 and 1977?
659
What is the greatest common divisor of 223744 and 1119632?
304
What is the highest common factor of 1403775 and 11985?
255
What is the highest common factor of 36443899 and 1093?
1093
What is the greatest common factor of 20736 and 605664?
864
Calculate the highest common divisor of 12 and 1300243368.
12
Calculate the greatest common factor of 41036555 and 1190.
595
Calculate the greatest common factor of 644 and 29670368.
644
What is the highest common divisor of 1058902 and 3341?
13
Calculate the greatest common factor of 7322 and 43703449.
523
What is the highest common divisor of 38830 and 5110?
10
Calculate the greatest common divisor of 671850 and 48430.
10
What is the greatest common divisor of 196472 and 280112?
328
What is the highest common factor of 3680 and 58315120?
1840
Calculate the greatest common factor of 14339 and 3098327.
1103
What is the highest common divisor of 669641 and 10230521?
1897
Calculate the highest common divisor of 4335 and 12433647.
867
Calculate the greatest common factor of 11452 and 121847644.
1636
Calculate the greatest common divisor of 1119783651 and 777.
777
What is the greatest common factor of 1656 and 1225776?
24
Calculate the greatest common factor of 13353939 and 4458.
2229
Calculate the highest common divisor of 344 and 3956129.
43
Calculate the highest common divisor of 8663240 and 35.
5
Calculate the greatest common divisor of 240634 and 316079.
79
What is the greatest common divisor of 12826368 and 120?
24
What is the greatest common factor of 7262 and 1615337494?
7262
What is the greatest common divisor of 10302 and 7406254?
34
Calculate the greatest common factor of 22252410 and 738.
18
What is the greatest common factor of 4962525 and 4953?
381
What is the greatest common divisor of 454775 and 7595?
5
Calculate the highest common factor of 57448 and 11144.
8
Calculate the highest common factor of 2 and 2883502.
2
Calculate the highest common factor of 1382252 and 767.
59
What is the highest common divisor of 2224 and 72528?
16
What is the greatest common factor of 393684738 and 908?
454
Calculate the highest common factor of 2415 and 1846095.
345
Calculate the highest common factor of 774 and 1176978.
6
Calculate the greatest common factor of 1710576 and 5040.
1008
Calculate the greatest common divisor of 42517201 and 2894.
1447
Calculate the highest common factor of 1815623 and 3644.
911
Calculate the greatest common divisor of 33153840 and 80.
80
Calculate the greatest common divisor of 399 and 56775.
3
What is the greatest common divisor of 4232556 and 7428?
12
What is the highest common factor of 11553001 and 178?
89
Calculate the highest common divisor of 36 and 511692048.
36
Calculate the greatest common factor of 37908 and 4758.
78
Calculate the greatest common factor of 68376 and 26896188.
4884
Calculate the highest common factor of 2630293 and 703.
37
Calculate the greatest common factor of 126197303 and 328.
41
What is the highest common divisor of 107942 and 943454?
62
Calculate the highest common divisor of 64 and 17123744.
32
What is the greatest common factor of 38660 and 20380?
20
What is the highest common divisor of 5 and 302111?
1
What is the highest common factor of 2299647 and 24?
3
What is the greatest common factor of 16 and 132695520?
16
What is the greatest common divisor of 626087759 and 1331?
1331
What is the greatest common divisor of 2035 and 176495?
55
Calculate the greatest common divisor of 252185594 and 10146.
3382
Calculate the greatest common divisor of 2068 and 20119196.
188
Calculate the highest common divisor of 69736233 and 182.
7
Calculate the highest common divisor of 57703 and 92834.
19
What is the highest common factor of 1512920 and 9265?
545
Calculate the greatest common factor of 765478 and 292.
146
What is the highest common factor of 48 and 4446348?
12
Calculate the highest common factor of 78 and 12616746.
6
What is the highest common factor of 610569063 and 8073?
8073
Calculate the highest common factor of 914349 and 6432.
201
What is the greatest common divisor of 353218785 and 8145?
2715
Calculate the greatest common factor of 5177844 and 3444.
84
Calculate the greatest common divisor of 172 and 22451332.
172
What is the highest common divisor of 44506 and 18925522?
2618
What is the greatest common divisor of 54 and 980926?
2
Calculate the highest common factor of 50 and 113342620.
10
Calculate the highest common factor of 55 and 23701623.
11
What is the highest common divisor of 11551940 and 70?
10
What is the highest common factor of 18759 and 21256833?
1443
Calculate the highest common factor of 34983 and 563661.
207
What is the greatest common divisor of 7536 and 345252420?
1884
Calculate the highest common factor of 18931 and 9627274.
1721
Calculate the highest common divisor of 1928944224 and 872.
872
What is the highest common factor of 2965 and 315911855?
2965
Calculate the highest common divisor of 76322 and 1888354.
2462
What is the greatest common factor of 8252081 and 10088?
97
Calculate the highest common divisor of 761154 and 22.
2
Calculate the greatest common factor of 745560 and 47633.
2071
What is the highest common factor of 5881582 and 38843?
1253
Calculate the highest common factor of 32 and 131141984.
32
Calculate the greatest common divisor of 12412 and 351762286.
6206
What is the greatest common factor of 5913 and 72683691?
219
Calculate the highest common factor of 3427572 and 3972.
12
What is the greatest common factor of 2418236796 and 4322?
4322
Calculate the greatest common factor of 26430 and 59564410.
8810
Calculate the greatest common divisor of 16 and 4101762.
2
What is the highest common factor of 58320 and 322000?
80
Calculate the greatest common factor of 42906110 and 22230.
130
What is the highest common divisor of 142701618 and 10?
2
What is the greatest common factor of 42 and 5916828?
6
What is the greatest common factor of 10535880 and 13965?
285
Calculate the highest common divisor of 111176572 and 299.
299
Calculate the highest common divisor of 2680 and 54607680.
2680
What is the greatest common divisor of 297 and 1539918?
27
What is the highest common factor of 2595695 and 7912?
43
Calculate the greatest common divisor of 3900 and 871800.
300
Calculate the greatest common factor of 2888 and 417032.
8
What is the highest common factor of 195 and 4175028?
39
Calculate the greatest common divisor of 28 and 7030772.
28
Calculate the greatest common divisor of 87900 and 45732.
12
Calculate the highest common factor of 16 and 586088.
8
Calculate the highest common divisor of 8815 and 106855.
215
Calculate the highest common divisor of 1144 and 84497160.
88
Calculate the highest common factor of 2603296 and 224.
32
Calculate the highest common factor of 6210 and 3232650.
690
Calculate the highest common divisor of 3420 and 1132685.
95
Calculate the greatest common divisor of 1872662 and 726.
22
What is the greatest common divisor of 3024 and 3290175?
63
Calculate the highest common factor of 1510782 and 798.
42
Calculate the greatest common factor of 39491376 and 24.
24
Calculate the greatest common divisor of 33300241 and 328.
41
Calculate the highest common factor of 3087188 and 156.
52
What is the highest common divisor of 90985908 and 988?
988
What is the highest common divisor of 28392988 and 52?
52
Calculate the highest common divisor of 17007593 and 6649.
61
What is the highest common divisor of 3062340 and 129744?
190